+ 41)) + 55 + -2 + 7
20
What is ((28 - 24) + 3 - -3) + 31?
41
Calculate (-16 - -1) + -141 + 78 + 49.
-29
Calculate 10 - -3 - -58 - ((-7 - -2) + 11).
65
What is the value of (15 - (14 + -12)) + (8 - -2 - 56)?
-33
Calculate (100 - -17) + (15 - 12 - -20) - 14.
126
What is -13 - (5 + (-62 - (-20 - -16))) - (-1 - -7)?
34
What is the value of (2 - (1 + 49)) + (-3414 - -3442)?
-20
Evaluate -2 - (112 + 5) - (-37 + 44 + -20 + 8).
-114
Evaluate 6 - (-3 + -45) - 87.
-33
What is the value of 13 + (66 - 24) + -48?
7
What is -2 - (3 - -28) - (114 - 114) - (1 - 4)?
-30
Calculate (-59 - (-7 - 9)) + -11 - (-4 - (5 - 2)).
-47
Calculate -6 + 19 - (-494 + 488).
19
Evaluate -48 + -4 + -41 + 111.
18
Evaluate (-1 - 44) + -23 + (-4 + 13 + -24 - -37).
-46
What is 19 + (-31 + 21 - -26) + -22?
13
Evaluate 17 + -84 + 51 + (7 - 50).
-59
51 - (2 - 4) - (366 - 362)
49
-63 + -18 + 39 + -7
-49
14 + (53 - 17) + -53
-3
862 - 867 - (2 - (4 - -1))
-2
Calculate -3 - ((0 - 26) + 4 + 12 + -12).
19
239 + -227 - (5 + 17)
-10
What is the value of 3 + (9 - 6) - 109 - (-1 + -15)?
-87
(-10 - -19 - 20 - (5 + -18)) + -2
0
Evaluate (-55 - 24 - -39) + -1 + 2 + 0 + -1.
-40
What is 24 + (-32 - -30 - (-8 - -3)) + -6?
21
What is the value of 7 - (4 - 2) - (4240 - 4232)?
-3
Calculate (15 - 14 - (1 - -2)) + (141 - 147).
-8
Evaluate (96 - (-6 + 0)) + (4 - (47 + -53)).
112
Evaluate 82 + 8 + -130 + 64 + (1 - 12).
13
Evaluate 46 + -120 - (-44 + 1 - -21).
-52
What is 82 - (-69 + 144) - -49?
56
What is the value of (43 - (0 + -2)) + (-48 - -61)?
58
-12 - ((0 - 7) + (-66 - -21 - -22))
18
What is the value of (-80 - (14 - 77)) + 42 + -1 + 4?
28
Calculate 99 - 0 - ((91 - 46) + -33 - 0).
87
Evaluate 16 - (18 - -1) - 33.
-36
Calculate -18 - (1 + -7) - (23 - 9).
-26
(-356 - -341) + 68 + (2 - 0) + 12
67
What is the value of -5 - (2 - 8) - (1 + -36 + -14)?
50
Evaluate -664 + 659 - (-48 + -3 + -2).
48
What is the value of (-18 - (-10 + -63) - (1 + 0) - -1) + 1?
56
What is the value of -24 - (85 + -32 + -98)?
21
1 + (10 - 1) - ((-21 - 12) + (16 - 17))
44
Calculate 14 + (3 - (13 + 53 + -10 + -2)).
-37
-30 + -1 + 1 - (-291 - (83 - 384))
-40
What is the value of (-191 - (88 - 233)) + -87?
-133
-1 - 18 - (-21 + -37 + -36)
75
Evaluate (-162 - -100 - -5) + (-1 - (0 + -2) - -4).
-52
1 - -59 - (1 - -1 - (892 - 887)) - -9
72
-8 - ((4 + -11 + 0 + -3 - -8) + -9)
3
What is the value of -8 + 19 + -9 - 14 - -4 - -34?
26
Calculate -2 + -11 + 6 + (0 - (1 - 0)) + -10.
-18
-97 - (-5 - (-2 + (-7 - -25) + -8))
-84
What is the value of -7 + (-2 - -2) - (-36 - (-28 - -1)) - 5?
-3
What is -18 + 27 + -39 + -78 + 72?
-36
What is 44 - (85 + -47 + -8)?
14
What is the value of -91 - -2 - (-2598 + 2527)?
-18
Evaluate 90 - 80 - ((-1 - -89) + -1 + -4).
-73
What is -23 + ((-3 - (-7 - -9)) + 14 - (15 - 11))?
-18
Calculate (-1 - 4) + 6 + (-33 - -40 - (-3 + 31)).
-20
Evaluate -3 - (-6 + 3) - (-144 + 164).
-20
Calculate (2019 - 2003) + (1 - (2 - 4)) + -74.
-55
Calculate (4 + -14 - -16) + -7 + 1 - 11.
-11
Calculate 9 - 0 - (25 + -9) - (39 + -20 - 118).
92
3 + -92 + 89 + 1 + 10
11
What is -66 + (-43 - -96) + -84?
-97
What is (79 - 35) + -27 - (1 - 118 - -9)?
125
What is the value of -110 - (93 + -129 - 53)?
-21
Evaluate 42 + 11 + -3 + (91 - 79).
62
Evaluate 2054 + -1987 - (51 - 1).
17
What is the value of -16 + 5 - (7 + -12 + -89) - 13?
70
Evaluate 59 + -1 + (-177 - -151) + 1.
33
Calculate (13 + -1 - (-379 - -401)) + -16.
-26
What is the value of 5 + (8 + (8 - -2) + -17 - -25)?
31
What is the value of 15 + -17 - (-61 + 48 + (-5 - -18))?
-2
What is the value of -9 - 2 - (189 + (-110 - 1))?
-89
What is the value of -4 + 0 + -13 + 10 + 65 - (34 - 29)?
53
(4 - 14) + (-4 - -1) + 130 + -61
56
What is the value of 16 - 4 - (32 - 52) - 20?
12
Calculate (-101 - (11 - 62)) + 11.
-39
What is the value of 29 - (8 - (4 + 9 + (-2 + -7 - -4)))?
29
What is 7 + 16 + -19 - (22 - -1)?
-19
What is the value of 845 + -925 - (-41 + -1)?
-38
8 + 13 - (3 + -20 + 230 + -97)
-95
What is (-70 - -25) + 21 - (-10 + 15)?
-29
What is the value of -5 - (13 + -1 + 14 + -7)?
-24
What is 8 + 1 + (9 + -14 - 4 - (-22 + 5))?
17
Calculate -119 + (-13 + 8 - 24) + 16 + 16.
-116
Calculate -401 - -421 - (-2 + -2 + 150 + -7).
-119
What is the value of (-5 + -6 - 1) + 58 + -42?
4
What is the value of 35 + -100 - -76 - (-28 - 0)?
39
Evaluate -26 - (2 - -12 - (-490 + 504)).
-26
What is 23 - (-22 - -38) - (-95 - -62)?
40
Evaluate (64 - 28 - 87) + 12.
-39
Evaluate -17 - (-40 + 85 - 33 - -85).
-114
What is 19 + (-2 - -1 - 10) + (0 - 1) + -75?
-68
What is 11 - (-7 + -76 + (-26 - -37) + 18)?
65
0 + 35 + (-247 - -239) + -18 + (-1 - -10)
18
What is the value of -11 + 1 + -3 + 6 + (182 - 105)?
70
What is (173 - (337 - 118)) + (-1 - -8 - 2)?
-41
What is (9 - -1 - -6) + -7 + 39?
48
Evaluate 261 - 312 - (-1 + (-3 - -6) + 4).
-57
Evaluate (-16 - (-21 + 7)) + 6 + (4 - (62 - 2)).
-52
603 + -591 + 31 + 0
43
Evaluate 18 - (-19 + (11 - -4) + -9).
31
What is the value of -20 - (3 + (28 - 19 - 12))?
-20
Calculate 75 - 1 - (-87 - -109).
52
What is (23 - (58 - (21 - 25))) + (-9 - -1)?
-47
Evaluate (-2 - (-65 - 10 - -13)) + (-6 - -13).
67
18 + -3 + (53 - 3 - 107)
-42
Evaluate 9 + (-3 - 3 - -6) + -72 + -1 + -2.
-66
Evaluate 2 + 107 + 78 + -276 + 170.
81
What is the value of (-11 - 35 - -64) + 0 + 12 + -2?
28
What is -3 - -26 - (354 + -297)?
-34
Calculate 101 + (-18 - 6) + -4 + 20.
93
Calculate 51 + (-23 - -37) - 28.
37
Calculate 10 + 28 + -32 + (0 - 36) + (-2 - 6).
-38
What is -12 - (1 + (-11 - 3 - -3) + 425 + -422)?
-5
Evaluate -495 - -487 - (15 + 0 + 0).
-23
-3 + -2 + 12 + (0 - 3) + -15 - 0
-11
Evaluate 0 + 15 + 6 + -30 + 10.
1
What is -13 + 34 + -16 - (4 + -5 + 41)?
-35
3092 + -2897 + 2 + -100
97
What is the value of 361 - 344 - (-34 + -3)?
54
What is (23 - (20 + 6)) + -5 + 1 + 3?
-4
Calculate -1 - -82 - (-2302 + 2401).
-18
What is the value of 66 + (-11 - (-23 + (23 - -7)))?
48
Evaluate 58 + 1 - (17 - 10 - (-35 - -49) - -5).
61
-3 + 94 + -75 + -9 + 0
7
What is the value of -2 + 2 + -2 - -10 - (-23 - -160 - 100)?
-29
What is the value of 34 - -6 - (-3385 + 3511)?
-86
What is -1 + -68 + -1 - (-12 + (33 - 35))?
-56
Evaluate (10 - -44) + -54 - (-6 + -1 + -2).
9
What is the value of 0 - -13 - (-1 + 98 + 14)?
-98
What is the value of -30 + (-11 + 7 + 1 + -6 - -23)?
-16
What is the value of 6 + -2 + -10 + -3 + 0 + -11?
-20
Calculate (77 - 13 - 32) + -38.
-6
21 - -20 - (2 - -15)
24
Evaluate -50 + 21 + -36 + 70.
5
What is the value of (5559 - 5648) + -4 + 7 + -3?
-89
Evaluate 43 + (-36 + -58 - -19).
-32
What is the value of (-26 - 41) + 242 + -111?
64
Evaluate -35 + (-1 - -1) + 395 + -439.
-79
Calculate 342 - 353 - (-52 - -8).
33
What is the value of (-11 + -9 + (-11 - -8) - -13) + -41?
-51
What is the value of 822 + -788 - ((-20 - -3) + 5)?
46
(-1 + 22 - 24) + -54 + 7
-50
Calculate 15 - (83 + (23 - 71)).
-20
104 + (29 - 31 - (15 - (-6 - -5)))
86
(38 - 70) + 96 - 43
21
Calculate -16 - (-47 - (-45 - -13)).
-1
Evaluate -6928 - -6936 - (0 - -43).
-35
Evaluate (-18 - -2 - -32) + -26 - 14.
-24
What is the value of -1 + 3 + (2 - 0) - (-50 - -311 - 171)?
-86
What is (-89 + 1 - (-34 + 97 + -68)) + -13?
-96
What is the value of 33 + 44 + -72 + (64 - 0)?
69
5 + -73 - (6 - (-17 + 34))
-57
(3 - -2 - -19 - 50) + -49
-75
Calculate (-82 - -79) + (6 + 5 + -8 - -57).
57
What is -674 + 678 + (24 - 0) + (-11 - -7) + -2?
22
Evaluate 36 - ((21 - 0 - (27 - 14)) + -8 - -5).
31
Calculate -92 + 62 + -17 - -85.
38
What is the value of 94 - (-19 + 15 - -55)?
43
Calculate -413 - -372 - (-5 - -28).
-64
Evaluate -32 - 0 - (118 - 248 - -154).
-56
34 + (2 - ((-2 - 8) + 16)) + 7
37
What is -114 - ((-18 - -17) + 11 - 1)?
-123
Evaluate -17 + (1 - 3) + -4 - (-108 - -106).
-21
Evaluate -22 + (31 - -42 - -17).
68
140 + -114 - -15 - (-30 - -1)
70
-17 + (8 + -4 - (-1 - 16))
4
What is the value of (0 - (136 - (34 - 16))) + 0 + 4 + 1?
-113
What is (-43 - 1) + (960 - 935)?
-19
Evaluate (6 - 61) + 9 + (12 - 25) - (-4 - 7).
-48
What is the value of 20 - (-10 + 3 + 58 + -57)?
26
What is the value of (58 - -19) + (-6 + (-3 - -2) - (-55 + 53))?
72
0 + 84 - (15 + -5) - (-18 - -22)
70
What is the value of -2 - (-70 - -2) - (-133 - -162)?
37
What is the value of -2 + 1 + -12 + (-366 - -349 - (-1 + -31))?
2
Evaluate 40 - (70 + -37) - (1 + 1 + -37).
42
Evaluate 72 - (3 - 